re the prime factors of s?
2, 3
Suppose 44*v = 46*v - 240. List the prime factors of v.
2, 3, 5
Let y(q) = 12*q**2 - 2*q - 1. List the prime factors of y(-2).
3, 17
List the prime factors of (1 + -48)/((-18)/90).
5, 47
Let n(k) = -k**3 + 5*k**2 + 2*k - 6. Let u(c) = -c**2 + 3*c + 4. Let p be u(3). Let q be n(p). Suppose q = j + j. What are the prime factors of j?
3
List the prime factors of (-1 + -9)*76/(-10).
2, 19
Let b be 4 + 0 - (3 + -1). Suppose 0*d - d + b = 0. What are the prime factors of d?
2
Let c(z) = 4*z**2 - 3*z + 2. Let q be c(2). Suppose -3*l + q = -27. What are the prime factors of l?
13
Suppose 0 = 3*w - 1 - 8. Let z(l) = l**3 - 4*l**2 + 2*l - 4. Let s be z(4). Suppose -s*i + 35 = w. What are the prime factors of i?
2
Let z(f) = f**2 + f - 8. What are the prime factors of z(-7)?
2, 17
Let m be ((-12)/(-10))/((-1)/5). Let q(f) = -5*f**2 + 6*f - 10. Let a(y) = y**2 + 1. Let b(i) = -6*a(i) - q(i). List the prime factors of b(m).
2
Let k = 302 + -133. List the prime factors of k.
13
Let d(g) = -8*g**2 - 4 + 7*g**2 + 0*g - 5*g. What are the prime factors of d(-3)?
2
Let h(g) = -24*g**3 - g**2 - 3*g - 2. List the prime factors of h(-1).
2, 3
Let v(y) = y**2 - y + 1. Let j(p) = -4*p**2 + 3*p - 3. Let k(d) = j(d) + 5*v(d). What are the prime factors of k(2)?
2
Let s(i) = 4*i - 4. Let k be s(3). Let p = 12 - k. Suppose 30 = p*t - t. What are the prime factors of t?
2, 5
Suppose -2*m - 48 = -5*m. Let a = -5 + m. Let w = -7 + a. What are the prime factors of w?
2
Let a = -15 + 15. Suppose a = m, 0*m - 3*m = 5*h - 270. List the prime factors of h.
2, 3
Suppose -3*c - 2*o = -99, -5*o + 160 = -3*c + 8*c. What are the prime factors of c?
5, 7
Let c(f) = -f**2 - 6*f + 5. Let b be c(-6). Let t(v) = -v**3 + 7*v**2 - 3*v + 4. List the prime factors of t(b).
3, 13
Let d = 7 - -5. Suppose -c + 47 - 11 = 0. What are the prime factors of (c/(-10))/(d/(-40))?
2, 3
Let b = -39 - -93. List the prime factors of b.
2, 3
Let j = 15 - 17. Let s(r) = -12*r - 2. List the prime factors of s(j).
2, 11
Suppose -17 = -l + 39. Suppose -3*r - h + l = 4*h, -4*r + 4*h = -32. List the prime factors of r.
2, 3
Suppose 116 = -3*o + 4*s, -4*o - 5*s - 39 = -2*o. Let y = o - -45. What are the prime factors of y?
13
Suppose -l = 2*l + 5*t - 17, -2*t = -2. Let p(a) = 2*a - l*a + 9 + 3*a. List the prime factors of p(0).
3
Suppose -5*a + 137 = 2*z, -4*a + 174 = 5*z - 143. Suppose -4*m + 51 = -z. What are the prime factors of m?
2, 7
What are the prime factors of 1/((1/29)/((-7)/(-7)))?
29
Let c(t) = 2*t. Let l be c(1). Suppose 0 = 5*b - 108 + 18. List the prime factors of ((-4)/l)/((-12)/b).
3
Let z(i) = -i**3 + i**2 - i + 108. List the prime factors of z(0).
2, 3
Let u(y) = y**2 + y. Let a be (-3)/9*1*-3. Let z(t) = 6*t**2 - 3*t - 1. Let o(i) = a*z(i) + 2*u(i). What are the prime factors of o(-1)?
2
Let f(k) = k**2 + 3*k - 1. Let z(i) be the first derivative of i**2 + 12*i + 2. Let w be z(-8). List the prime factors of f(w).
3
Suppose -4*m + 4*p = 16, -3*m = 2*p - 3*p + 4. Suppose t + m = 2. Suppose 0*g - t*g = -24. What are the prime factors of g?
2, 3
Suppose -5 = 4*c - 5*c. Suppose 32 = c*y - 3*y. Suppose -r - 4*v = -0*r + 12, 5*v = -r - y. What are the prime factors of r?
2
Suppose 9 = -14*z + 17*z. Let v = 25 - 18. Suppose v*w - 56 = z*w. List the prime factors of w.
2, 7
Suppose -13 + 73 = 2*s. What are the prime factors of 30*(-3)/(s/(-4))?
2, 3
Let k be -2*(-73)/2 - -3. Suppose -5*y + k = 5*x - x, -y + 18 = -2*x. List the prime factors of y.
2
Let b = -32 + 64. List the prime factors of b.
2
Suppose -37 = -3*n - 4*k, 4*k - 8 - 1 = n. List the prime factors of n.
7
Let c be 8/10*10/4. Suppose -3*m = -0*a - 4*a - 16, c*m = -5*a - 20. Suppose -2*p - 4*u - 10 = 0, 3*p + m*p - 4*u - 35 = 0. What are the prime factors of p?
5
List the prime factors of 13572/132 - (-4)/22.
103
Suppose 4*w - 3*z = 37, 4*z - 44 = -3*w + 3*z. Let u(y) = 4*y - 15. List the prime factors of u(w).
37
What are the prime factors of (1 + -6 - -4)*-1 - -19?
2, 5
Let b = -52 + 87. What are the prime factors of b?
5, 7
Let a(g) = g**2 + 8*g + 4. Let q be a(-4). Let l be (1 + -7)/(18/q). Suppose -3*c - 11 = -l*c. List the prime factors of c.
11
Let f(y) = -5*y - 1. Let x = -8 + 9. Let d(p) = -p**2 - 2*p + 1. Let i be d(x). What are the prime factors of f(i)?
3
Suppose 4*n + 11 = 3*n + 5*x, 3*x = -3*n + 21. Suppose -a + 1 = -1, -n*a - 32 = -h. What are the prime factors of h?
2, 5
Let z(g) = 17*g + 3. Let y be z(-2). Let o = -13 - y. List the prime factors of o.
2, 3
Let n = 4 - 3. Let y(i) = 0*i**2 + 2*i**3 + n - 3*i**2 - 4 + 2*i. List the prime factors of y(2).
5
Let v(i) = i**3 + 10*i**2 - 12*i - 8. Let k be v(-11). Suppose -k*b = 3*h - 66, -4*h - 55 = -2*b + 13. List the prime factors of b.
2, 13
Let d be 3 - 2/(-4 + 2). Suppose 8 + 16 = d*f. Suppose -w - 4*o + 30 = 0, -2*o - o + f = 0. What are the prime factors of w?
2, 11
Let h = 209 - 137. Let f = h + -45. List the prime factors of f.
3
Suppose 2*c - 4*a + 13 = -57, 0 = -3*c + a - 85. Let u = -16 - c. What are the prime factors of u?
11
Let j = -5 + 15. List the prime factors of (-2)/j + (-966)/(-30).
2
Let b be (-112)/(-18) + 4/(-18). Suppose 11*t = b*t + 215. List the prime factors of t.
43
Let o be (5/(-2))/(2/(-4)). Suppose -o*v + 4*n = 75, 0 = -3*v - 2*n + 4*n - 47. Let m = v - -29. List the prime factors of m.
2, 5
Let q(t) = -t**3 - 9*t**2 - 32*t - 11. List the prime factors of q(-8).
181
Let a(l) = 3*l - 7. Let j be 5*(2 + -1 - 0). Let n be a(j). Let o = 15 - n. What are the prime factors of o?
7
Suppose -q - 2 = j, -q + j - 3 = -11. Let h(u) = 2*u**2 + 5*u - 2. List the prime factors of h(q).
31
Let k(r) = 10*r + 10. What are the prime factors of k(6)?
2, 5, 7
Suppose -5*s = 4*w - 5*w + 80, 2*s + 227 = 3*w. List the prime factors of w.
3, 5
Suppose f - 699 = -4*f - o, -135 = -f - 5*o. List the prime factors of f.
2, 5, 7
Let c be (1*5)/(-11 + 12). Suppose -4*t + 204 = -c*g, -4*g + 51 = t - 5*g. What are the prime factors of t?
3, 17
Let b be 30 - 2/4*-4. Let w = -14 + b. What are the prime factors of w?
2, 3
Let d = 7 - 2. Suppose -50 = -d*u - 5. Suppose -u - 15 = -2*w. What are the prime factors of w?
2, 3
Let c(j) = -j - 4. Let f be c(-3). Let i = f - -2. Suppose g - i = n - 8, n + 3*g = 23. What are the prime factors of n?
11
Suppose 3*n - 3 = 6. Suppose -2*y = -n*y + 5*i + 32, -2*y + 39 = -5*i. What are the prime factors of y?
7
Suppose -2 - 4 = -w. What are the prime factors of w?
2, 3
Let r be ((-1)/2)/(6/36). Let p be (0 + r/(-2))*2. Suppose p*t = 34 + 17. List the prime factors of t.
17
Let i(d) = -38*d + 17. What are the prime factors of i(-4)?
13
List the prime factors of -181*1*5/(-5) + -4.
3, 59
Let c be (-1)/((-3)/(1*18)). Suppose 3*t + 3 = y, 0 = -5*y - 4*t - 0 + 15. Let r = y + c. List the prime factors of r.
3
Let x be 2/7 - 8/28. Let v(w) = w**3 - w + 12. What are the prime factors of v(x)?
2, 3
Let k be -5*1*24/15. What are the prime factors of k*((-18)/4 + 2)?
2, 5
Let s = -29 - -50. What are the prime factors of s?
3, 7
Let m(t) = -t**2 - 9*t + 8. Suppose 4*a + 47 = 3*u, -3*a + 5*u = -0*a + 49. List the prime factors of m(a).
2
Let a(y) = y**2 + 8*y + 2. Let z be a(-8). Let m(x) = x + 1. List the prime factors of m(z).
3
Let w be 0 + 7 - (5 - 2). What are the prime factors of 0/(w - 6) + 26?
2, 13
Let v = 44 - 1. List the prime factors of v.
43
Let j(f) = 4*f**3 + 0*f**2 + 3*f**3 + f**2 + 5 - 6. Let z be j(1). Suppose 3*t = 4*w - z, -4*t + 0*w = w - 16. List the prime factors of t.
3
Let b be 21*((-20)/6)/(-2). What are the prime factors of b - (-2 + 15/3)?
2
Suppose 3*b - 2*n - 106 = -b, -5*b + 149 = 3*n. List the prime factors of b.
2, 7
Suppose 0 = 4*y - 238 + 58. What are the prime factors of y?
3, 5
Suppose 0 = -5*p - 5*s - 5, -p = -3*p - 4*s - 6. Let f(d) = -5*d + 14 + 4*d + p. What are the prime factors of f(7)?
2
Let k(r) = r**3 + 9*r**2 + 7*r + 2. Let v be 7/((8/4)/(-2)). What are the prime factors of k(v)?
3, 17
Let u = -1 + 3. Let b be (-66)/(-2) + u + -1. Suppose -b = -4*j - 2. List the prime factors of j.
2
Let h(w) = -w**3 - 11*w**2 - 13*w - 10. Let b be (-1 - 2)*20/6. What are the prime factors of h(b)?
2, 5
Let i = 1 - -2. Let p be (2 - 7)/(1/i). Let g = p + 27. What are the prime factors of g?
2,